{"id":215,"date":"2026-02-10T08:10:13","date_gmt":"2026-02-10T08:10:13","guid":{"rendered":"https:\/\/9evo.com\/gypsy\/?page_id=215"},"modified":"2026-02-10T08:29:24","modified_gmt":"2026-02-10T08:29:24","slug":"acerca-de-gypsy-cordova","status":"publish","type":"page","link":"https:\/\/9evo.com\/gypsy\/acerca-de-gypsy-cordova\/","title":{"rendered":"Acerca de Gypsy C\u00f3rdova"},"content":{"rendered":"\t\t<div data-elementor-type=\"wp-page\" data-elementor-id=\"215\" class=\"elementor elementor-215\" data-elementor-post-type=\"page\">\n\t\t\t\t<div class=\"elementor-element elementor-element-61ef6c2 e-flex e-con-boxed e-con e-parent\" data-id=\"61ef6c2\" data-element_type=\"container\" data-e-type=\"container\">\n\t\t\t\t\t<div class=\"e-con-inner\">\n\t\t<div class=\"elementor-element elementor-element-561bde7 e-con-full e-flex e-con e-child\" data-id=\"561bde7\" data-element_type=\"container\" data-e-type=\"container\">\n\t\t\t\t<div class=\"elementor-element elementor-element-07fd01c elementor-widget elementor-widget-image\" data-id=\"07fd01c\" data-element_type=\"widget\" data-e-type=\"widget\" data-widget_type=\"image.default\">\n\t\t\t\t\t\t\t\t\t\t\t\t\t\t\t<img fetchpriority=\"high\" decoding=\"async\" width=\"685\" height=\"1024\" src=\"https:\/\/9evo.com\/gypsy\/wp-content\/uploads\/2026\/02\/gypsy-updated-685x1024.jpeg\" class=\"attachment-large size-large wp-image-217\" alt=\"\" srcset=\"https:\/\/9evo.com\/gypsy\/wp-content\/uploads\/2026\/02\/gypsy-updated-685x1024.jpeg 685w, https:\/\/9evo.com\/gypsy\/wp-content\/uploads\/2026\/02\/gypsy-updated-201x300.jpeg 201w, https:\/\/9evo.com\/gypsy\/wp-content\/uploads\/2026\/02\/gypsy-updated-768x1147.jpeg 768w, https:\/\/9evo.com\/gypsy\/wp-content\/uploads\/2026\/02\/gypsy-updated.jpeg 1000w\" sizes=\"(max-width: 685px) 100vw, 685px\" \/>\t\t\t\t\t\t\t\t\t\t\t\t\t\t\t<\/div>\n\t\t\t\t<\/div>\n\t\t<div class=\"elementor-element elementor-element-a03f1b8 e-con-full e-flex e-con e-child\" data-id=\"a03f1b8\" data-element_type=\"container\" data-e-type=\"container\">\n\t\t\t\t<div class=\"elementor-element elementor-element-17eabba elementor-widget elementor-widget-heading\" data-id=\"17eabba\" data-element_type=\"widget\" data-e-type=\"widget\" data-widget_type=\"heading.default\">\n\t\t\t\t\t<h2 class=\"elementor-heading-title elementor-size-default\">Gypsy I. Cordova G<\/h2>\t\t\t\t<\/div>\n\t\t\t\t<div class=\"elementor-element elementor-element-ca289f5 elementor-widget elementor-widget-image\" data-id=\"ca289f5\" data-element_type=\"widget\" data-e-type=\"widget\" data-widget_type=\"image.default\">\n\t\t\t\t\t\t\t\t\t\t\t\t\t\t\t<img decoding=\"async\" width=\"123\" height=\"32\" src=\"https:\/\/9evo.com\/gypsy\/wp-content\/uploads\/2026\/02\/Gypsy-Cordova-Consulting-LLC.png\" class=\"attachment-large size-large wp-image-208\" alt=\"\" \/>\t\t\t\t\t\t\t\t\t\t\t\t\t\t\t<\/div>\n\t\t\t\t<div class=\"elementor-element elementor-element-5a39e9e elementor-widget elementor-widget-heading\" data-id=\"5a39e9e\" data-element_type=\"widget\" data-e-type=\"widget\" data-widget_type=\"heading.default\">\n\t\t\t\t\t<h3 class=\"elementor-heading-title elementor-size-default\">Gypsy C\u00f3rdova es natural de Puerto Rico.<\/h3>\t\t\t\t<\/div>\n\t\t\t\t<div class=\"elementor-element elementor-element-9a14bb0 elementor-widget elementor-widget-text-editor\" data-id=\"9a14bb0\" data-element_type=\"widget\" data-e-type=\"widget\" data-widget_type=\"text-editor.default\">\n\t\t\t\t\t\t\t\t\t<p>Posee un Bachillerato en Administraci\u00f3n de Empresas y Gerencia. Es autor, empresario, servidor p\u00fablico. Ha sido miembro activo de varias organizaciones c\u00edvicas, comunitarias y culturales.<\/p><p>Tiene una trayectoria de m\u00e1s de 30 a\u00f1os de experiencia combinados entre el servicio p\u00fablico, privado y el campo de las finanzas.<\/p><p>Gypsy C\u00f3rdova reci\u00e9n acaba de lanzar al mercado su libro \u201cSecretos del Dinero, el banco no quiere que usted sepa\u201d.<\/p><p>Es un experto en cr\u00e9dito y en los pasados 13 a\u00f1os ha ofrecido talleres y cursos a miles de personas a quienes ha ayudado a lograr sus metas y sue\u00f1os.<\/p><p>Destacado en Gobierno, ocup\u00f3 uno de los puestos m\u00e1s altos de Gobierno en Puerto Rico, siendo miembro de la legislatura municipal por 11 a\u00f1os de los cuales 8 fueron como Presidente en Vieques, Puerto Rico.<\/p>\t\t\t\t\t\t\t\t<\/div>\n\t\t\t\t<\/div>\n\t\t\t\t\t<\/div>\n\t\t\t\t<\/div>\n\t\t<div class=\"elementor-element elementor-element-2f227cd e-flex e-con-boxed e-con e-parent\" data-id=\"2f227cd\" data-element_type=\"container\" data-e-type=\"container\" data-settings=\"{&quot;background_background&quot;:&quot;classic&quot;}\">\n\t\t\t\t\t<div class=\"e-con-inner\">\n\t\t<div class=\"elementor-element elementor-element-dd77148 e-con-full e-flex e-con e-child\" data-id=\"dd77148\" data-element_type=\"container\" data-e-type=\"container\" data-settings=\"{&quot;background_background&quot;:&quot;classic&quot;}\">\n\t\t\t\t<div class=\"elementor-element elementor-element-38b45d2 elementor-widget elementor-widget-text-editor\" data-id=\"38b45d2\" data-element_type=\"widget\" data-e-type=\"widget\" data-widget_type=\"text-editor.default\">\n\t\t\t\t\t\t\t\t\t<p>Ha ofrecido discursos, charlas y seminarios en diversos temas y en distintos foros entre ellos asuntos ambientales, culturales y m\u00e1s exitosamente a\u00fan en temas de Finanzas y la Rectificaci\u00f3n de Cr\u00e9dito.Estratega en mercadeo e imagen personal y de negocios, se ha convertido en un experto y manejador de redes sociales para empresas y figuras p\u00fablicas.Actualmente se encuentra en la etapa de ser autor de su primer libro, mientras contin\u00faa disfrutando de su mejor empresa, ser padre!<\/p>\t\t\t\t\t\t\t\t<\/div>\n\t\t\t\t<div class=\"elementor-element elementor-element-c03518c elementor-align-center elementor-widget elementor-widget-button\" data-id=\"c03518c\" data-element_type=\"widget\" data-e-type=\"widget\" data-widget_type=\"button.default\">\n\t\t\t\t\t\t\t\t\t\t<a class=\"elementor-button elementor-button-link elementor-size-sm\" href=\"https:\/\/9evo.com\/gypsy\/appointment\/\">\n\t\t\t\t\t\t<span class=\"elementor-button-content-wrapper\">\n\t\t\t\t\t\t\t\t\t<span class=\"elementor-button-text\">Hire Me Now<\/span>\n\t\t\t\t\t<\/span>\n\t\t\t\t\t<\/a>\n\t\t\t\t\t\t\t\t<\/div>\n\t\t\t\t<\/div>\n\t\t\t\t\t<\/div>\n\t\t\t\t<\/div>\n\t\t<div class=\"elementor-element elementor-element-8ce4a2d e-flex e-con-boxed e-con e-parent\" data-id=\"8ce4a2d\" data-element_type=\"container\" data-e-type=\"container\" data-settings=\"{&quot;background_background&quot;:&quot;classic&quot;}\">\n\t\t\t\t\t<div class=\"e-con-inner\">\n\t\t\t\t<div class=\"elementor-element elementor-element-8d01b57 elementor-widget elementor-widget-heading\" data-id=\"8d01b57\" data-element_type=\"widget\" data-e-type=\"widget\" data-widget_type=\"heading.default\">\n\t\t\t\t\t<h2 class=\"elementor-heading-title elementor-size-default\">Estar Al Dia<\/h2>\t\t\t\t<\/div>\n\t\t\t\t<div class=\"elementor-element elementor-element-6aa2d23 elementor-widget elementor-widget-image\" data-id=\"6aa2d23\" data-element_type=\"widget\" data-e-type=\"widget\" data-widget_type=\"image.default\">\n\t\t\t\t\t\t\t\t\t\t\t\t\t\t\t<img decoding=\"async\" width=\"163\" height=\"32\" src=\"https:\/\/9evo.com\/gypsy\/wp-content\/uploads\/2026\/02\/Screenshot-2026-02-10-at-12-58-40-Gypsy-Cordova-Consulting-LLC.png\" class=\"attachment-large size-large wp-image-206\" alt=\"\" \/>\t\t\t\t\t\t\t\t\t\t\t\t\t\t\t<\/div>\n\t\t\t\t<div class=\"elementor-element elementor-element-1a2a6c2 elementor-widget elementor-widget-text-editor\" data-id=\"1a2a6c2\" data-element_type=\"widget\" data-e-type=\"widget\" data-widget_type=\"text-editor.default\">\n\t\t\t\t\t\t\t\t\t<p>Subscr\u00edbete aqu\u00ed para recibir informaci\u00f3n gratuita y eventos a tu correo electr\u00f3nico<\/p>\t\t\t\t\t\t\t\t<\/div>\n\t\t\t\t<div class=\"elementor-element elementor-element-cbc27bf elementor-button-align-stretch elementor-widget elementor-widget-form\" data-id=\"cbc27bf\" data-element_type=\"widget\" data-e-type=\"widget\" data-settings=\"{&quot;button_width&quot;:&quot;30&quot;,&quot;step_next_label&quot;:&quot;Next&quot;,&quot;step_previous_label&quot;:&quot;Previous&quot;,&quot;step_type&quot;:&quot;number_text&quot;,&quot;step_icon_shape&quot;:&quot;circle&quot;}\" data-widget_type=\"form.default\">\n\t\t\t\t\t\t\t<form class=\"elementor-form\" method=\"post\" name=\"New Form\" aria-label=\"New Form\">\n\t\t\t<input type=\"hidden\" name=\"post_id\" value=\"215\"\/>\n\t\t\t<input type=\"hidden\" name=\"form_id\" value=\"cbc27bf\"\/>\n\t\t\t<input type=\"hidden\" name=\"referer_title\" value=\"Acerca de Gypsy C\u00f3rdova\" \/>\n\n\t\t\t\t\t\t\t<input type=\"hidden\" name=\"queried_id\" value=\"215\"\/>\n\t\t\t\n\t\t\t<div class=\"elementor-form-fields-wrapper elementor-labels-\">\n\t\t\t\t\t\t\t\t<div class=\"elementor-field-type-email elementor-field-group elementor-column elementor-field-group-email elementor-col-70 elementor-field-required\">\n\t\t\t\t\t\t\t\t\t\t\t\t<label for=\"form-field-email\" class=\"elementor-field-label elementor-screen-only\">\n\t\t\t\t\t\t\t\tEmail\t\t\t\t\t\t\t<\/label>\n\t\t\t\t\t\t\t\t\t\t\t\t\t\t<input size=\"1\" type=\"email\" name=\"form_fields[email]\" id=\"form-field-email\" class=\"elementor-field elementor-size-md  elementor-field-textual\" placeholder=\"Enter Your Email Address\" required=\"required\">\n\t\t\t\t\t\t\t\t\t\t\t<\/div>\n\t\t\t\t\t\t\t\t<div class=\"elementor-field-group elementor-column elementor-field-type-submit elementor-col-30 e-form__buttons\">\n\t\t\t\t\t<button class=\"elementor-button elementor-size-md\" type=\"submit\">\n\t\t\t\t\t\t<span class=\"elementor-button-content-wrapper\">\n\t\t\t\t\t\t\t\t\t\t\t\t\t\t\t\t\t\t\t\t\t\t<span class=\"elementor-button-text\">SUBSCRIBE NOW<\/span>\n\t\t\t\t\t\t\t\t\t\t\t\t\t<\/span>\n\t\t\t\t\t<\/button>\n\t\t\t\t<\/div>\n\t\t\t<\/div>\n\t\t<\/form>\n\t\t\t\t\t\t<\/div>\n\t\t\t\t\t<\/div>\n\t\t\t\t<\/div>\n\t\t\t\t<\/div>\n\t\t","protected":false},"excerpt":{"rendered":"<p>Gypsy I. Cordova G Gypsy C\u00f3rdova es natural de Puerto Rico. Posee un Bachillerato en Administraci\u00f3n de Empresas y Gerencia. Es autor, empresario, servidor p\u00fablico. Ha sido miembro activo de varias organizaciones c\u00edvicas, comunitarias y culturales. Tiene una trayectoria de m\u00e1s de 30 a\u00f1os de experiencia combinados entre el servicio p\u00fablico, privado y el campo [&hellip;]<\/p>\n","protected":false},"author":1,"featured_media":0,"parent":0,"menu_order":0,"comment_status":"closed","ping_status":"closed","template":"","meta":{"footnotes":""},"class_list":["post-215","page","type-page","status-publish","hentry"],"_links":{"self":[{"href":"https:\/\/9evo.com\/gypsy\/wp-json\/wp\/v2\/pages\/215","targetHints":{"allow":["GET"]}}],"collection":[{"href":"https:\/\/9evo.com\/gypsy\/wp-json\/wp\/v2\/pages"}],"about":[{"href":"https:\/\/9evo.com\/gypsy\/wp-json\/wp\/v2\/types\/page"}],"author":[{"embeddable":true,"href":"https:\/\/9evo.com\/gypsy\/wp-json\/wp\/v2\/users\/1"}],"replies":[{"embeddable":true,"href":"https:\/\/9evo.com\/gypsy\/wp-json\/wp\/v2\/comments?post=215"}],"version-history":[{"count":16,"href":"https:\/\/9evo.com\/gypsy\/wp-json\/wp\/v2\/pages\/215\/revisions"}],"predecessor-version":[{"id":242,"href":"https:\/\/9evo.com\/gypsy\/wp-json\/wp\/v2\/pages\/215\/revisions\/242"}],"wp:attachment":[{"href":"https:\/\/9evo.com\/gypsy\/wp-json\/wp\/v2\/media?parent=215"}],"curies":[{"name":"wp","href":"https:\/\/api.w.org\/{rel}","templated":true}]}}